osite?
False
Suppose v - 19 = 147. Suppose 90*u + 4 = 86*u - 4*b, 5*b = -2*u + 10. Let f = u + v. Is f composite?
True
Suppose -4*j = -10*b - 20989858, 19*j - 20*j + 3*b + 5247460 = 0. Is j prime?
False
Let i(a) be the first derivative of -1383*a**2/2 + 106*a + 17. Is i(-4) a prime number?
False
Suppose u + 2*g = -448, 6*u + 1350 = 3*u - 4*g. Let m = u + 567. Is m composite?
False
Suppose y + 35 = 5*q, 5*y + 6 + 7 = -2*q. Let g be 15*((-5361)/(-18) + -3 - 12/(-8)). Suppose 0 = q*d - d - g. Is d composite?
True
Let p(j) be the first derivative of 6*j**2 + 11/3*j**3 - 7*j + 11. Is p(-6) a composite number?
False
Let w = 9189 - -12494. Is w a prime number?
True
Let d be 5864/12*(-48)/(-32). Let u = d + -50. Is u a prime number?
True
Let w(o) = 6*o + 26. Let d be w(-4). Suppose -16916 = -3*c + 3*t - d*t, 0 = -2*c - 3*t + 11281. Is c prime?
True
Let i(v) = 2*v**2 - 8*v - 4. Let a be i(4). Let n = 19 + a. Suppose 13*q = n*q - 212. Is q a prime number?
False
Let t = 30 - 26. Suppose 5*z - 265 = -t*b, b + 2*b = -2*z + 204. Is (b/15 - 4) + (-3002)/(-6) prime?
False
Let m be (-20)/80 + 389701/4. Suppose -m = -10*u + 170345. Is u a prime number?
True
Let g(b) = -84*b**2 - 4*b - 3. Let n be g(6). Let a = n - -6692. Is a composite?
True
Suppose -2*v - 3*v = 4*b + 6077, -3*b = 3*v + 4557. Let s = -1073 - b. Is s a prime number?
False
Let d be 3224589/33 + 5/(110/4). Suppose 0 = -24*s + 60853 + d. Is s a composite number?
False
Suppose 0 = 5*m + 8*r - 17*r - 97540, 2*r = 3*m - 58541. Is m composite?
True
Let c be 6*(6/(-9))/(-2). Suppose -4*m - 9027 = -5*x, c*m + m - 2*x = -6765. Let s = 3418 + m. Is s a prime number?
False
Let j(b) = 35 + 19*b - 11 - 13 - 14. Let r(v) = v**3 + 4*v**2 - 6*v + 5. Let n be r(-5). Is j(n) composite?
True
Let d = 42 + -2388. Let k = d + 7213. Is k a composite number?
True
Suppose 1904053 = 28*d - 253543. Is d prime?
False
Suppose 3*r - m = 22441, 3*r + 37395 = 8*r + 5*m. Let z = -5022 + r. Suppose x - a = -5*a + 817, 3*x + 5*a = z. Is x a composite number?
False
Let t(k) = 127*k - 1. Let v be t(6). Suppose 16*g + 29*g = 12510. Suppose 3*i = i + 5*s + g, -4*s = 5*i - v. Is i a prime number?
True
Let q(j) = 351*j**2 - 40*j + 77. Is q(16) a prime number?
True
Suppose o = 14519 + 14158. Suppose -27*l + o = -40956. Is l prime?
True
Suppose 0 = -10*m + 5*m + 1420. Suppose 0 = 4*q + 3*c + 15, 3*q + 2 = 4*c + 22. Suppose q*h + m = 2*h. Is h a composite number?
True
Let v be 234480/16 - 0/(-2). Suppose -8*r - 1359 = -v. Let h = r - 1029. Is h prime?
False
Suppose 4*i - 38097 = -5*s, -3*i + 2*s = 2*i - 47613. Is i a prime number?
False
Let r = -44 - -65. Suppose -5*t = b - r, 2*t - b - b - 6 = 0. Suppose 0 = -d - t*d - 2*n + 3367, -5*d + n + 3364 = 0. Is d composite?
False
Let t(d) = 2*d**3 - 56*d**2 - 58*d + 5. Let y be t(29). Suppose 0 = -4*b + 5*w + 1539, -y*b = -w - 195 - 1755. Is b prime?
False
Let c = -192 - -43. Let j = 710 + c. Let t = j - 335. Is t prime?
False
Suppose 2*o + 34133 = 3*a, -224*a + 223*a = -3*o - 11380. Is a a composite number?
True
Is 408/510 + (-13)/10 + (-533583)/(-2) a prime number?
False
Let y(h) = -h**2 + 9*h - 21. Let l be y(9). Let m = l - -63. Is (-2666)/(-3)*m/28 prime?
False
Is (-12)/9*3*2555510/(-40) composite?
False
Suppose 238*q = -5*r + 241*q + 44012, 2*r - 17603 = 3*q. Is r composite?
False
Suppose 0 = 5*i - 194616 - 19664. Suppose 11*a = 3*a + i. Is a a prime number?
False
Is (-3)/12 + ((-15288039)/(-12) - -12) + 0 a prime number?
False
Suppose -4*v + 3*t + 187915 = -262957, 5*v - 563613 = -2*t. Is v a composite number?
True
Let v(p) = -4*p - 62. Suppose -5*c - 114 = -39. Let t be v(c). Is 6/12 - 1533/t a prime number?
False
Let f be (-10)/(-45) - (-940)/(-18). Let h = f - -52. Is 2/(-8) - (8698/(-8) + h) composite?
False
Let k(u) = 488*u**2 - 42*u + 6. Let c be k(-4). Suppose -398*h + 400*h - c = 0. Is h a prime number?
False
Let y = 82097 + 67172. Is y a prime number?
True
Let n(x) = -466*x**3 + 17*x**2 - 9*x - 27. Let f(o) = -699*o**3 + 25*o**2 - 13*o - 40. Let s(j) = 5*f(j) - 7*n(j). Is s(-4) a composite number?
True
Let z(o) = 18*o - 254. Let s be z(45). Is -18 + 17 - -9*2*s a prime number?
True
Let g(s) = s**3 - 5*s**2 + 8*s - 9. Let r(z) = 3*z - 2. Let b be r(2). Let p be g(b). Suppose -p*m + 7708 = -3*m. Is m composite?
True
Let t be (-4 - (-4 - -2))*(-1)/1. Suppose 4*i - 25920 = -4*n, -3*n = -4*n + t*i + 6483. Is n a prime number?
True
Suppose -4*u + 8 = 2*n, 5*n + 8 = 2*u + 28. Suppose 4*k + 2 = -w + 8, -8 = n*w. Is 6172/k*(-2)/(-4) prime?
True
Let t(n) = 2*n + 15. Let p be t(-5). Suppose 2420 = p*j - 1820. Suppose -j = -5*v + 3*l, -1 - 2 = 3*l. Is v prime?
False
Let m(c) = -354726*c + 1825. Is m(-3) a prime number?
False
Let g be (3*(-6196)/8)/((-3)/8). Suppose -4*n + g + 648 = 0. Is n a composite number?
True
Suppose -2*d = v - 295341, 3*v - 886031 = 129*d - 133*d. Is v a prime number?
False
Let t(y) = -1479*y**2 - 4*y - 13. Let a be t(4). Let c = -16062 - a. Is c a composite number?
True
Let z(u) be the first derivative of -1/3*u**3 - 47 - 745/4*u**4 + u + 0*u**2. Is z(-1) composite?
True
Let g(b) = 5*b**2 + 9*b - 22. Let n be g(6). Let j be (n/(-6))/((-52)/(-24) + -2). Let z = 467 - j. Is z a prime number?
False
Suppose -132*m = -v - 130*m + 26407, 5*v = -m + 132068. Is v a prime number?
False
Is 559577/((-26)/481 + (-39)/(-37)) prime?
True
Suppose u - 41 = -1. Suppose 5*r = 5*o - u, -4*r + 3*o - 2*o - 20 = 0. Is (r/(-6))/(4/522) prime?
False
Suppose -7*y + 33956 = -56610. Is y composite?
True
Let v(p) = 1813*p**2 + 2*p - 1. Let n be v(1). Suppose 79*f = 81*f - n. Is f a prime number?
True
Suppose 0 = -21*o - 8*o + 4*o + 4499575. Is o prime?
False
Suppose -7*f + 301559 = -589723. Suppose 0 = -5*j + i - 97607 + 256747, -4*j = 2*i - f. Is j a composite number?
True
Suppose 0*q = 3*q. Let d be (1914/406)/((-1)/(-49)). Suppose c + 4 = q, 5*c - d = -g - 0*c. Is g prime?
True
Let r(k) = k**3 + 12*k**2 + 11. Suppose -4*d - 58 = 5*y, 4*y - 8 = 8*y. Let v be r(d). Suppose -v*t = -3*t - 21752. Is t a prime number?
True
Let t be (-15)/30 - (-11)/2. Suppose g - 1 = 4. Suppose -4*m = 2*q - 1794, -t*q - g*m + 3576 = -q. Is q a prime number?
False
Suppose 3*q = -5*r + 4232 + 2125, -2*q + 4246 = 2*r. Is q a prime number?
True
Let s = -2094 - -2990. Suppose s = 2*v - 2*w, 3 + 1 = 4*w. Is v a prime number?
True
Let j(y) = y + 14. Let c be j(0). Suppose -11 - 4 = 3*q, -c = -k + 2*q. Is (k + (-118)/(-4))*10 prime?
False
Is (1*3*52/234)/(2/3716529) a composite number?
False
Let y be (-1 - 0) + 9 + -10. Is 7419/y*(-3)/(-9)*-2 composite?
False
Let c(r) = 351*r**2 + 7*r - 19. Let k(p) = 2*p**3 - 19*p**2 - 12*p + 22. Let n be k(10). Is c(n) composite?
False
Let a = -118091 - -177282. Is a composite?
True
Suppose 0 = 6*u + 125 - 1283. Suppose -4*y + u = -2*i - 2483, 5*y - 3367 = -3*i. Is y a composite number?
True
Let y(f) be the third derivative of 0*f - 35 - 11/24*f**4 - 8/3*f**3 - f**2. Is y(-9) a composite number?
False
Suppose -4*o - 12811 = -m - 8*o, 0 = -2*o - 2*o. Is m a composite number?
True
Let v be 9/((-108)/(-89583)) + (-6)/(-8). Let g = v - -10683. Is g composite?
False
Let h = -2479 + 3585. Suppose 0 = -3*r - 5*d + 1648, -r + 4*d = r - h. Let p = r - 60. Is p composite?
False
Let t(w) = 2*w**2 - 18*w - 66. Let g be t(-9). Suppose 0 = -g*r + 248*r + 2540. Is r a composite number?
True
Let t = -1295 + 1936. Suppose -3*k + t + 112 = 0. Is k composite?
False
Let u be 2/6*(-24)/2. Let t be 1 - (3 + u)*-1. Suppose -2*g = -4*m - 2586, -5*g + 4*g + 4*m + 1293 = t. Is g composite?
True
Let g = -46252 - -96558. Is g a composite number?
True
Let m(k) = 2*k - 8*k - 3*k**3 + 2*k - 27*k**2 + 30*k**2 - 5. Let s be m(4). Let p = s - -2486. Is p a prime number?
False
Is 2 - (4*30/72 - 3410886/18) a prime number?
False
Let u be -1038*46/20*-5. Let d = 17528 - u. Is d a composite number?
False
Let v = 763 - -1877. Suppose 5*o + 5*y - v = 2830, -o = 2*y - 1089. Suppose -479 - o = -6*n. Is n a composite number?
False
Let j = 7432 + -6246. Is j prime?
False
Suppose -1471534 = -106*k - 149167 + 97715. Is k a composite number?
False
Let k(q) = -q**3 - 2*q**2 + 7*q - 2. Let d be k(-4). Let y be (-12 - -10)*(-3)/d. Suppose -5*p - 6 = -y*p, -5*p = -4*x + 9963. Is x a prime number?
False
Let a(p) = -127*p + 18. Let c 